{"id":17,"date":"2025-05-15T10:13:22","date_gmt":"2025-05-15T08:13:22","guid":{"rendered":"https:\/\/institutes.uek.krakow.pl\/khz\/?page_id=17"},"modified":"2026-02-16T13:13:01","modified_gmt":"2026-02-16T12:13:01","slug":"o-katedrze","status":"publish","type":"page","link":"https:\/\/institutes.uek.krakow.pl\/khz\/o-katedrze\/","title":{"rendered":"O Katedrze"},"content":{"rendered":"\n<p><strong>Zal\u0105\u017ckiem powstania Katedry Handlu Zagranicznego by\u0142o utworzenie w po\u0142owie 1969 r., w ramach Instytutu Obrotu Towarowego na \u00f3wczesnym Wydziale Ekonomiki Obrotu, Zak\u0142adu Ekonomiki i Organizacji Handlu Zagranicznego. W 1973 r., Zak\u0142ad Handlu Zagranicznego zosta\u0142 przeniesiony na Wydzia\u0142 Ekonomiki Produkcji, staj\u0105c si\u0119 cz\u0119\u015bci\u0105 nowo otwartego Instytutu Mi\u0119dzynarodowych Stosunk\u00f3w Spo\u0142eczno-Ekonomicznych, kt\u00f3rego kierownikiem by\u0142 Profesor Bogus\u0142aw Jasi\u0144ski. Od samego pocz\u0105tku, Zak\u0142adem Handlu Zagranicznego kierowa\u0142 doc. dr Stanis\u0142aw Chociej.<\/strong><\/p>\n\n\n\n<p>W 1988 r. na czele Zak\u0142adu stan\u0105\u0142 dr hab. Stanis\u0142aw Wydymus, kt\u00f3ry z dniem 1 kwietnia&nbsp;1992 r., w ramach reorganizacji ca\u0142ej Uczelni, obj\u0105\u0142 kierownictwo w utworzonej&nbsp;w\u00f3wczas Katedrze Handlu Zagranicznego, a w 1993 r. uzyska\u0142 tytu\u0142 profesora.<\/p>\n\n\n\n<p>Po zmianie struktury organizacyjnej Uczelni, kt\u00f3ra zosta\u0142a przeprowadzona w mi\u0119dzyczasie, Katedra Handlu Zagranicznego znalaz\u0142a si\u0119 na Wydziale Ekonomii i Stosunk\u00f3w Mi\u0119dzynarodowych (kt\u00f3ry w latach 1992-2002 nosi\u0142 nazw\u0119 Wydzia\u0142u Ekonomii).<\/p>\n\n\n\n<p>Od 1992 r. Katedra sprawuje opiek\u0119 merytoryczn\u0105 nad specjalno\u015bci\u0105&nbsp;<em>handel zagraniczny<\/em>, kt\u00f3ra najpierw funkcjonowa\u0142a w ramach kierunku&nbsp;<em>mi\u0119dzynarodowe stosunki gospodarcze i polityczne<\/em>, nast\u0119pnie&nbsp;<em>stosunki mi\u0119dzynarodowe<\/em>, a aktualnie M<em>i\u0119dzynarodowe Stosunki Gospodarcze<\/em>.<\/p>\n\n\n\n<p>Po 25-latach kierowania Katedr\u0105, prof. zw. dr hab. Stanis\u0142aw Wydymus wskaza\u0142 na swojego nast\u0119pc\u0119 prof. dr. hab. Krzysztofa Wacha, kt\u00f3ry z dniem 1 wrze\u015bnia 2016 r. zosta\u0142 powo\u0142any przez JM Rektora na stanowisko Kierownika Katedry Handlu Zagranicznego.<\/p>\n","protected":false},"excerpt":{"rendered":"<p>Zal\u0105\u017ckiem powstania Katedry Handlu Zagranicznego by\u0142o utworzenie w po\u0142owie 1969 r., w ramach Instytutu Obrotu Towarowego na \u00f3wczesnym Wydziale Ekonomiki Obrotu, Zak\u0142adu Ekonomiki i Organizacji Handlu Zagranicznego. W 1973 r., Zak\u0142ad Handlu Zagranicznego zosta\u0142 przeniesiony na Wydzia\u0142 Ekonomiki Produkcji, staj\u0105c si\u0119 cz\u0119\u015bci\u0105 nowo otwartego Instytutu Mi\u0119dzynarodowych Stosunk\u00f3w Spo\u0142eczno-Ekonomicznych, kt\u00f3rego kierownikiem by\u0142 Profesor Bogus\u0142aw Jasi\u0144ski. Od [&hellip;]<\/p>\n","protected":false},"author":1,"featured_media":0,"parent":0,"menu_order":0,"comment_status":"closed","ping_status":"closed","template":"","meta":{"_acf_changed":false,"footnotes":""},"class_list":["post-17","page","type-page","status-publish","hentry"],"acf":[],"_links":{"self":[{"href":"https:\/\/institutes.uek.krakow.pl\/khz\/wp-json\/wp\/v2\/pages\/17","targetHints":{"allow":["GET"]}}],"collection":[{"href":"https:\/\/institutes.uek.krakow.pl\/khz\/wp-json\/wp\/v2\/pages"}],"about":[{"href":"https:\/\/institutes.uek.krakow.pl\/khz\/wp-json\/wp\/v2\/types\/page"}],"author":[{"embeddable":true,"href":"https:\/\/institutes.uek.krakow.pl\/khz\/wp-json\/wp\/v2\/users\/1"}],"replies":[{"embeddable":true,"href":"https:\/\/institutes.uek.krakow.pl\/khz\/wp-json\/wp\/v2\/comments?post=17"}],"version-history":[{"count":6,"href":"https:\/\/institutes.uek.krakow.pl\/khz\/wp-json\/wp\/v2\/pages\/17\/revisions"}],"predecessor-version":[{"id":331,"href":"https:\/\/institutes.uek.krakow.pl\/khz\/wp-json\/wp\/v2\/pages\/17\/revisions\/331"}],"wp:attachment":[{"href":"https:\/\/institutes.uek.krakow.pl\/khz\/wp-json\/wp\/v2\/media?parent=17"}],"curies":[{"name":"wp","href":"https:\/\/api.w.org\/{rel}","templated":true}]}}