{"id":332,"date":"2026-02-16T13:13:39","date_gmt":"2026-02-16T12:13:39","guid":{"rendered":"https:\/\/institutes.uek.krakow.pl\/khz\/?page_id=332"},"modified":"2026-02-16T13:13:39","modified_gmt":"2026-02-16T12:13:39","slug":"about-department","status":"publish","type":"page","link":"https:\/\/institutes.uek.krakow.pl\/khz\/en\/about-department\/","title":{"rendered":"About Department"},"content":{"rendered":"\n<p><strong>The origins of the current International Trade Department date back to the establishment of the<br>Departmental Unit for Economics and Organizations of Foreign Trade in the middle of 1969 as a<br>part of the Institute of Trade at the Faculty of Trade Economics.<\/strong><\/p>\n\n\n\n<p>In 1973, Foreign Trade Departmental Unit was transferred to the Faculty of Production Economics becoming a part of the newly opened Institute of International Socio-Economic Relations, which was headed by prof. dr hab. Bogus\u0142aw Jasi\u0144ski. From the very beginning, the Foreign Trade Departmental Unit was headed by doc. dr. Stanis\u0142aw Chociej. For a long time his \u201eright hand\u201d was dr. Klemens Budzowski, the current Chancellor of the Academy of Krakow, who in the years 1984-1988 was acting as the head of the Unit.<\/p>\n\n\n\n<p>In late 1980s, prof. dr hab. Stanis\u0142aw Wydymus took over the leadership of the International Trade Department, which was officially established in 1992 (with a department legal status \u2013 Katedra).<\/p>\n\n\n\n<p>After changing the organizational structure of our University, the present International Trade<br>Department is currently at the Faculty of Economics and International Relations (in the years 1992-2002 at the Faculty of Economics).<\/p>\n\n\n\n<p>From September 1, 2016, the head of the Department is prof. dr hab. Krzysztof Wach, and there are 10 faculty staff as well as 1 administrative staff employed in the Department.<\/p>\n","protected":false},"excerpt":{"rendered":"<p>The origins of the current International Trade Department date back to the establishment of theDepartmental Unit for Economics and Organizations of Foreign Trade in the middle of 1969 as apart of the Institute of Trade at the Faculty of Trade Economics. In 1973, Foreign Trade Departmental Unit was transferred to the Faculty of Production Economics [&hellip;]<\/p>\n","protected":false},"author":1,"featured_media":0,"parent":0,"menu_order":0,"comment_status":"closed","ping_status":"closed","template":"","meta":{"_acf_changed":false,"footnotes":""},"class_list":["post-332","page","type-page","status-publish","hentry"],"acf":[],"_links":{"self":[{"href":"https:\/\/institutes.uek.krakow.pl\/khz\/wp-json\/wp\/v2\/pages\/332","targetHints":{"allow":["GET"]}}],"collection":[{"href":"https:\/\/institutes.uek.krakow.pl\/khz\/wp-json\/wp\/v2\/pages"}],"about":[{"href":"https:\/\/institutes.uek.krakow.pl\/khz\/wp-json\/wp\/v2\/types\/page"}],"author":[{"embeddable":true,"href":"https:\/\/institutes.uek.krakow.pl\/khz\/wp-json\/wp\/v2\/users\/1"}],"replies":[{"embeddable":true,"href":"https:\/\/institutes.uek.krakow.pl\/khz\/wp-json\/wp\/v2\/comments?post=332"}],"version-history":[{"count":1,"href":"https:\/\/institutes.uek.krakow.pl\/khz\/wp-json\/wp\/v2\/pages\/332\/revisions"}],"predecessor-version":[{"id":333,"href":"https:\/\/institutes.uek.krakow.pl\/khz\/wp-json\/wp\/v2\/pages\/332\/revisions\/333"}],"wp:attachment":[{"href":"https:\/\/institutes.uek.krakow.pl\/khz\/wp-json\/wp\/v2\/media?parent=332"}],"curies":[{"name":"wp","href":"https:\/\/api.w.org\/{rel}","templated":true}]}}