{"id":191,"date":"2026-02-26T13:57:51","date_gmt":"2026-02-26T12:57:51","guid":{"rendered":"https:\/\/institutes.uek.krakow.pl\/kpii\/?page_id=191"},"modified":"2026-02-26T13:58:15","modified_gmt":"2026-02-26T12:58:15","slug":"kolo-naukowe","status":"publish","type":"page","link":"https:\/\/institutes.uek.krakow.pl\/kpii\/studenci\/kolo-naukowe\/","title":{"rendered":"Ko\u0142o naukowe"},"content":{"rendered":"\n<h2 class=\"wp-block-heading\">Ko\u0142o Naukowe Przedsi\u0119biorczo\u015bci i Innowacji<\/h2>\n\n\n\n<blockquote class=\"wp-block-quote is-layout-flow wp-block-quote-is-layout-flow\">\n<h6 class=\"wp-block-heading\">Ko\u0142o Naukowe Przedsi\u0119biorczo\u015bci i Innowacji rozpocz\u0119\u0142o dzia\u0142alno\u015b\u0107 na Uniwersytecie Ekonomicznym w Krakowie w 2000 r. i z roku na rok zrzesza coraz to wi\u0119ksz\u0105 liczb\u0119 student\u00f3w zainteresowanych tematyk\u0105 prowadzenia dzia\u0142alno\u015bci gospodarczej i wdra\u017cania innowacyjnych rozwi\u0105za\u0144. G\u0142\u00f3wnym celem Ko\u0142a jest promowanie przedsi\u0119biorczo\u015bci w\u015br\u00f3d spo\u0142eczno\u015bci akademickiej.<\/h6>\n<\/blockquote>\n\n\n\n<h4 class=\"wp-block-heading\">Do najwi\u0119kszych inicjatyw Ko\u0142a Naukowego Przedsi\u0119biorczo\u015bci i Innowacji nale\u017c\u0105:<\/h4>\n\n\n\n<ul class=\"wp-block-list\">\n<li>wsp\u00f3\u0142organizacja corocznego \u015awiatowego Tygodnia Przedsi\u0119biorczo\u015bci, kt\u00f3ry obejmuje wiele konferencji, warsztat\u00f3w i spotka\u0144 z osobisto\u015bciami \u015bwiata biznesu,<\/li>\n\n\n\n<li>wsp\u00f3\u0142organizacja corocznej Olimpiady Przedsi\u0119biorczo\u015bci, przeprowadzanej w\u015br\u00f3d uczni\u00f3w szk\u00f3\u0142 ponadgimnazjalnych,<\/li>\n\n\n\n<li>organizacja cyklicznych spotka\u0144 w ramach Business Cafe, czyli swobodnych spotka\u0144 student\u00f3w z przedsi\u0119biorcami, ch\u0119tnymi do dzielenia si\u0119 swoj\u0105 wiedz\u0105 oraz do\u015bwiadczeniem biznesowym.<\/li>\n<\/ul>\n\n\n\n<p><\/p>\n\n\n\n<p>Ko\u0142o Naukowe Przedsi\u0119biorczo\u015bci i Innowacji wsp\u00f3\u0142pracuje r\u00f3wnie\u017c z Akademickim Inkubatorem Przedsi\u0119biorczo\u015bci w Krakowie, kt\u00f3ry wspiera dzia\u0142ania i rozw\u00f3j Ko\u0142a, m.in. poprzez zwi\u0119kszenie bazy kontakt\u00f3w z lud\u017ami biznesu. Co wi\u0119cej, cz\u0142onkowie Ko\u0142a sami nawi\u0105zuj\u0105 kontakty z r\u00f3\u017cnymi firmami, kt\u00f3re organizuj\u0105 na terenie Uczelni szkolenia i warsztaty, ciesz\u0105ce si\u0119 ogromnym zainteresowaniem, np. szkolenie z zakresu \u201eZarz\u0105dzanie Projektami\u201d zrealizowane przez firm\u0119 Heuresis, czy te\u017c cykl szkole\u0144 \u201eStrategia 3\u00d73\u201d prowadzone przez firm\u0119 StuGo. Tematyka szkole\u0144 jest r\u00f3\u017cnorodna \u2013 od zarz\u0105dzania projektami, finansami czy czasem, poprzez szkolenia ze sprzeda\u017cy, autoprezentacj\u0119, inteligencj\u0119 emocjonaln\u0105, po szybkie uczenie si\u0119, a nawet efektywn\u0105 nauk\u0119 j\u0119zyk\u00f3w obcych. Dzia\u0142alno\u015b\u0107 Ko\u0142a polega tak\u017ce na \u0142\u0105czeniu nauki z zabaw\u0105, np. poprzez organizowanie gry biznesowej \u201eCashFlow\u201d, w kt\u00f3rej ka\u017cdy mo\u017ce przyj\u015b\u0107 i poczu\u0107 si\u0119 jak biznesmen, a tak\u017ce r\u00f3\u017cnego rodzaju koncerty (np. Kasi Sochackiej) czy karaoke. Najnowszym projektem Ko\u0142a Naukowego Przedsi\u0119biorczo\u015bci i Innowacji jest utworzenie KNPI TV, czyli kr\u00f3tkich relacji z organizowanych spotka\u0144, jak i prowadzenie rozm\u00f3w i sond w\u015br\u00f3d student\u00f3w Uniwersytetu Ekonomicznego.<\/p>\n","protected":false},"excerpt":{"rendered":"<p>Ko\u0142o Naukowe Przedsi\u0119biorczo\u015bci i Innowacji Ko\u0142o Naukowe Przedsi\u0119biorczo\u015bci i Innowacji rozpocz\u0119\u0142o dzia\u0142alno\u015b\u0107 na Uniwersytecie Ekonomicznym w Krakowie w 2000 r. i z roku na rok zrzesza coraz to wi\u0119ksz\u0105 liczb\u0119 student\u00f3w zainteresowanych tematyk\u0105 prowadzenia dzia\u0142alno\u015bci gospodarczej i wdra\u017cania innowacyjnych rozwi\u0105za\u0144. G\u0142\u00f3wnym celem Ko\u0142a jest promowanie przedsi\u0119biorczo\u015bci w\u015br\u00f3d spo\u0142eczno\u015bci akademickiej. Do najwi\u0119kszych inicjatyw Ko\u0142a Naukowego Przedsi\u0119biorczo\u015bci [&hellip;]<\/p>\n","protected":false},"author":1,"featured_media":0,"parent":170,"menu_order":0,"comment_status":"closed","ping_status":"closed","template":"templates\/page-blocks.php","meta":{"_acf_changed":false,"footnotes":""},"class_list":["post-191","page","type-page","status-publish","hentry"],"acf":[],"_links":{"self":[{"href":"https:\/\/institutes.uek.krakow.pl\/kpii\/wp-json\/wp\/v2\/pages\/191","targetHints":{"allow":["GET"]}}],"collection":[{"href":"https:\/\/institutes.uek.krakow.pl\/kpii\/wp-json\/wp\/v2\/pages"}],"about":[{"href":"https:\/\/institutes.uek.krakow.pl\/kpii\/wp-json\/wp\/v2\/types\/page"}],"author":[{"embeddable":true,"href":"https:\/\/institutes.uek.krakow.pl\/kpii\/wp-json\/wp\/v2\/users\/1"}],"replies":[{"embeddable":true,"href":"https:\/\/institutes.uek.krakow.pl\/kpii\/wp-json\/wp\/v2\/comments?post=191"}],"version-history":[{"count":2,"href":"https:\/\/institutes.uek.krakow.pl\/kpii\/wp-json\/wp\/v2\/pages\/191\/revisions"}],"predecessor-version":[{"id":193,"href":"https:\/\/institutes.uek.krakow.pl\/kpii\/wp-json\/wp\/v2\/pages\/191\/revisions\/193"}],"up":[{"embeddable":true,"href":"https:\/\/institutes.uek.krakow.pl\/kpii\/wp-json\/wp\/v2\/pages\/170"}],"wp:attachment":[{"href":"https:\/\/institutes.uek.krakow.pl\/kpii\/wp-json\/wp\/v2\/media?parent=191"}],"curies":[{"name":"wp","href":"https:\/\/api.w.org\/{rel}","templated":true}]}}