{"id":17,"date":"2025-05-15T10:13:22","date_gmt":"2025-05-15T08:13:22","guid":{"rendered":"https:\/\/institutes.uek.krakow.pl\/kzp\/?page_id=17"},"modified":"2026-02-26T12:29:07","modified_gmt":"2026-02-26T11:29:07","slug":"o-katedrze","status":"publish","type":"page","link":"https:\/\/institutes.uek.krakow.pl\/kzp\/o-katedrze\/","title":{"rendered":"O Katedrze"},"content":{"rendered":"\n<p>Katedra Zarz\u0105dzania Publicznego [dawniej: Katedra Zarz\u0105dzania Organizacjami Publicznymi] powsta\u0142a w pa\u017adzierniku 2019 r. z przekszta\u0142cenia Zak\u0142adu o takiej samej nazwie dzia\u0142aj\u0105cego od lutego 2017 r. i funkcjonuje obecnie w ramach Instytutu Polityk Publicznych i Administracji Kolegium Gospodarki Administracji Publicznej. <\/p>\n\n\n\n<p>Celem naukowo-dydaktycznym Katedry Zarz\u0105dzania Publicznego jest inicjowanie bada\u0144 i integrowanie dorobku poznawczego, metodologicznego i organizacyjno-technicznego w dziedzinie zarz\u0105dzania publicznego. Ponadto pracownicy Katedry organizuj\u0105 cykliczne seminarium pt. \u201eProblemy metodologii zarz\u0105dzania publicznego\u201d. <\/p>\n\n\n\n<p>Tematyka naukowo-badawcza i dydaktyczna wpisuje si\u0119 w g\u0142\u00f3wny dyskurs nad paradygmatami zarz\u0105dzania publicznego, silnie akcentuj\u0105c w\u0105tek pragmatyczny, wyra\u017caj\u0105cy si\u0119 w badaniu i opracowywaniu nowych sposob\u00f3w dzia\u0142ania adekwatnych dla r\u00f3\u017cnych organizacji (prywatnych, publicznych, spo\u0142ecznych). Podejmowane zagadnienia bada\u0144 maj\u0105 w za\u0142o\u017ceniu \u015bci\u015ble odpowiada\u0107 potrzebom doskonalenia funkcjonowania jednostek zar\u00f3wno sektora publicznego, ale tak\u017ce i prywatnego.<\/p>\n","protected":false},"excerpt":{"rendered":"<p>Katedra Zarz\u0105dzania Publicznego [dawniej: Katedra Zarz\u0105dzania Organizacjami Publicznymi] powsta\u0142a w pa\u017adzierniku 2019 r. z przekszta\u0142cenia Zak\u0142adu o takiej samej nazwie dzia\u0142aj\u0105cego od lutego 2017 r. i funkcjonuje obecnie w ramach Instytutu Polityk Publicznych i Administracji Kolegium Gospodarki Administracji Publicznej. Celem naukowo-dydaktycznym Katedry Zarz\u0105dzania Publicznego jest inicjowanie bada\u0144 i integrowanie dorobku poznawczego, metodologicznego i organizacyjno-technicznego w [&hellip;]<\/p>\n","protected":false},"author":1,"featured_media":0,"parent":0,"menu_order":0,"comment_status":"closed","ping_status":"closed","template":"templates\/page-blocks.php","meta":{"_acf_changed":false,"footnotes":""},"class_list":["post-17","page","type-page","status-publish","hentry"],"acf":[],"_links":{"self":[{"href":"https:\/\/institutes.uek.krakow.pl\/kzp\/wp-json\/wp\/v2\/pages\/17","targetHints":{"allow":["GET"]}}],"collection":[{"href":"https:\/\/institutes.uek.krakow.pl\/kzp\/wp-json\/wp\/v2\/pages"}],"about":[{"href":"https:\/\/institutes.uek.krakow.pl\/kzp\/wp-json\/wp\/v2\/types\/page"}],"author":[{"embeddable":true,"href":"https:\/\/institutes.uek.krakow.pl\/kzp\/wp-json\/wp\/v2\/users\/1"}],"replies":[{"embeddable":true,"href":"https:\/\/institutes.uek.krakow.pl\/kzp\/wp-json\/wp\/v2\/comments?post=17"}],"version-history":[{"count":9,"href":"https:\/\/institutes.uek.krakow.pl\/kzp\/wp-json\/wp\/v2\/pages\/17\/revisions"}],"predecessor-version":[{"id":203,"href":"https:\/\/institutes.uek.krakow.pl\/kzp\/wp-json\/wp\/v2\/pages\/17\/revisions\/203"}],"wp:attachment":[{"href":"https:\/\/institutes.uek.krakow.pl\/kzp\/wp-json\/wp\/v2\/media?parent=17"}],"curies":[{"name":"wp","href":"https:\/\/api.w.org\/{rel}","templated":true}]}}